{"id":9,"date":"2023-10-24T12:25:36","date_gmt":"2023-10-24T10:25:36","guid":{"rendered":"https:\/\/www.astrovisum.sk\/?page_id=9"},"modified":"2023-11-01T14:05:32","modified_gmt":"2023-11-01T13:05:32","slug":"o-nas","status":"publish","type":"page","link":"https:\/\/www.astrovisum.sk\/?page_id=9","title":{"rendered":"O n\u00e1s"},"content":{"rendered":"\n<p>Sme vzdel\u00e1vacia a komunitn\u00e1 platforma pre \u013eud\u00ed, ktor\u00ed sa zauj\u00edmaj\u00fa o pozn\u00e1vanie a os\u00edd\u013eovanie vesm\u00edru. Pribli\u017eujeme odborn\u00e9 poznatky a vedeck\u00e9 fakty o vesm\u00edre z\u00e1\u017eitkovou formou. Sna\u017e\u00edme sa nadchn\u00fa\u0165 s\u00fa\u010dasn\u00fa gener\u00e1ciu det\u00ed, mlad\u00fdch a ich rodi\u010dov pre my\u0161lienku os\u00eddlenia vesm\u00edru. Predstavujeme ju ako bl\u00edzku realitu s jej benefitmi, v\u00fdzvami a prek\u00e1\u017ekami.<\/p>\n\n\n\n<p>Spolupracujeme s renomovan\u00fdmi odborn\u00fdmi in\u0161tit\u00faciami ako Moon Village Association a \u010fal\u0161ie.<\/p>\n\n\n\n<figure class=\"wp-block-image size-full is-resized\"><img loading=\"lazy\" decoding=\"async\" src=\"https:\/\/www.astrovisum.sk\/wp-content\/uploads\/2023\/10\/19.jpg\" alt=\"\" class=\"wp-image-199\" width=\"75\" height=\"75\" srcset=\"https:\/\/www.astrovisum.sk\/wp-content\/uploads\/2023\/10\/19.jpg 500w, https:\/\/www.astrovisum.sk\/wp-content\/uploads\/2023\/10\/19-300x300.jpg 300w, https:\/\/www.astrovisum.sk\/wp-content\/uploads\/2023\/10\/19-150x150.jpg 150w\" sizes=\"(max-width: 75px) 100vw, 75px\" \/><\/figure>\n\n\n\n<p class=\"has-medium-font-size\">Zakladatelia projektu:<\/p>\n\n\n\n<p>Mgr. Branislav Bratko<\/p>\n\n\n\n<p class=\"has-text-align-left\"><img loading=\"lazy\" decoding=\"async\" width=\"1785\" height=\"2560\" class=\"wp-image-240\" style=\"width: 150px;\" src=\"https:\/\/www.astrovisum.sk\/wp-content\/uploads\/2023\/11\/foto-BB-modr-kos-upr-crop-scaled.jpg\" alt=\"\" srcset=\"https:\/\/www.astrovisum.sk\/wp-content\/uploads\/2023\/11\/foto-BB-modr-kos-upr-crop-scaled.jpg 1785w, https:\/\/www.astrovisum.sk\/wp-content\/uploads\/2023\/11\/foto-BB-modr-kos-upr-crop-209x300.jpg 209w, https:\/\/www.astrovisum.sk\/wp-content\/uploads\/2023\/11\/foto-BB-modr-kos-upr-crop-714x1024.jpg 714w, https:\/\/www.astrovisum.sk\/wp-content\/uploads\/2023\/11\/foto-BB-modr-kos-upr-crop-768x1101.jpg 768w, https:\/\/www.astrovisum.sk\/wp-content\/uploads\/2023\/11\/foto-BB-modr-kos-upr-crop-1071x1536.jpg 1071w, https:\/\/www.astrovisum.sk\/wp-content\/uploads\/2023\/11\/foto-BB-modr-kos-upr-crop-1428x2048.jpg 1428w\" sizes=\"(max-width: 1785px) 100vw, 1785px\" \/><\/p>\n\n\n\n<p class=\"has-text-align-left\">Som dlhoro\u010dn\u00fd pedag\u00f3g, lektor, organiz\u00e1tor programov pre deti, ml\u00e1de\u017e a\u00a0rodiny, srdcom oddan\u00fd populariz\u00e1tor pozn\u00e1vania vesm\u00edru. Astron\u00f3mii sa venujem od detstva a dlhodobo organizujem pozorovania a\u00a0workshopy pre verejnos\u0165.<\/p>\n\n\n\n<p>Posledn\u00e9 roky pracujem aj ako mentor pre osobnostn\u00fd a&nbsp;organiza\u010dn\u00fd rozvoj.<\/p>\n\n\n\n<p>Som \u010dlenom pracovnej skupiny Moon Village Asocciation pre vzdel\u00e1vanie.<\/p>\n\n\n\n<p><\/p>\n\n\n\n<figure class=\"wp-block-image size-full is-resized\"><img loading=\"lazy\" decoding=\"async\" src=\"https:\/\/www.astrovisum.sk\/wp-content\/uploads\/2023\/10\/18.jpg\" alt=\"\" class=\"wp-image-200\" width=\"76\" height=\"76\" srcset=\"https:\/\/www.astrovisum.sk\/wp-content\/uploads\/2023\/10\/18.jpg 500w, https:\/\/www.astrovisum.sk\/wp-content\/uploads\/2023\/10\/18-300x300.jpg 300w, https:\/\/www.astrovisum.sk\/wp-content\/uploads\/2023\/10\/18-150x150.jpg 150w\" sizes=\"(max-width: 76px) 100vw, 76px\" \/><\/figure>\n\n\n\n<p>Ing. Arch. August\u00edn Ugr\u00f3czy<\/p>\n\n\n\n<p><img loading=\"lazy\" decoding=\"async\" width=\"1707\" height=\"2560\" class=\"wp-image-104\" style=\"width: 150px;\" src=\"https:\/\/www.astrovisum.sk\/wp-content\/uploads\/2023\/10\/IMG_6194b-scaled.jpg\" alt=\"\" srcset=\"https:\/\/www.astrovisum.sk\/wp-content\/uploads\/2023\/10\/IMG_6194b-scaled.jpg 1707w, https:\/\/www.astrovisum.sk\/wp-content\/uploads\/2023\/10\/IMG_6194b-200x300.jpg 200w, https:\/\/www.astrovisum.sk\/wp-content\/uploads\/2023\/10\/IMG_6194b-683x1024.jpg 683w, https:\/\/www.astrovisum.sk\/wp-content\/uploads\/2023\/10\/IMG_6194b-768x1152.jpg 768w, https:\/\/www.astrovisum.sk\/wp-content\/uploads\/2023\/10\/IMG_6194b-1024x1536.jpg 1024w, https:\/\/www.astrovisum.sk\/wp-content\/uploads\/2023\/10\/IMG_6194b-1365x2048.jpg 1365w\" sizes=\"(max-width: 1707px) 100vw, 1707px\" \/><\/p>\n\n\n\n<p><\/p>\n\n\n\n<p><\/p>\n\n\n\n<p>Som oby\u010dajn\u00fd \u010dlovek v neoby\u010dajnom svete a oby\u010dajne m\u00e1vam neoby\u010dajn\u00e9 sny. Tie ma priviedli na neoby\u010dajn\u00e9 miesta, kde je oby\u010dajn\u00e9 hovori\u0165 o \u017eivote vo vesm\u00edre.<\/p>\n\n\n\n<p>Svojou pr\u00e1cou tieto neoby\u010dajn\u00e9 miesta pribli\u017eujem oby\u010dajn\u00fdm \u013eu\u010fom s&nbsp;neoby\u010dajn\u00fdmi snami.<\/p>\n\n\n\n<p>&#8211; vesm\u00edrny architekt<\/p>\n\n\n\n<p>&#8211; architekt udr\u017eate\u013en\u00fdch stavieb na zemi<\/p>\n\n\n\n<p>&#8211; bloger a vloger<\/p>\n\n\n\n<p>&#8211; milovn\u00edk h\u00f4r a extr\u00e9mnych \u0161portov<\/p>\n\n\n\n<p>&#8211; otec 7 det\u00ed&nbsp;<\/p>\n\n\n\n<p><a href=\"https:\/\/drive.google.com\/file\/d\/1rg10-7nB_gfygq-X_vyRjxBR_Icuq-t7\/view?usp=sharing\">N\u00e1vrat na \u00favodn\u00fa st<\/a><a href=\"https:\/\/www.astrovisum.sk\/\">r\u00e1nku<\/a><\/p>\n\n\n\n<figure class=\"wp-block-image size-large\"><img loading=\"lazy\" decoding=\"async\" width=\"1024\" height=\"256\" src=\"https:\/\/www.astrovisum.sk\/wp-content\/uploads\/2023\/10\/spacemier_stargate_862e6158-9053-4c0b-9cfc-fe7f116db21a-1024x256.jpg\" alt=\"\" class=\"wp-image-107\" srcset=\"https:\/\/www.astrovisum.sk\/wp-content\/uploads\/2023\/10\/spacemier_stargate_862e6158-9053-4c0b-9cfc-fe7f116db21a-1024x256.jpg 1024w, https:\/\/www.astrovisum.sk\/wp-content\/uploads\/2023\/10\/spacemier_stargate_862e6158-9053-4c0b-9cfc-fe7f116db21a-300x75.jpg 300w, https:\/\/www.astrovisum.sk\/wp-content\/uploads\/2023\/10\/spacemier_stargate_862e6158-9053-4c0b-9cfc-fe7f116db21a-768x192.jpg 768w, https:\/\/www.astrovisum.sk\/wp-content\/uploads\/2023\/10\/spacemier_stargate_862e6158-9053-4c0b-9cfc-fe7f116db21a-1536x384.jpg 1536w, https:\/\/www.astrovisum.sk\/wp-content\/uploads\/2023\/10\/spacemier_stargate_862e6158-9053-4c0b-9cfc-fe7f116db21a-2048x512.jpg 2048w\" sizes=\"(max-width: 1024px) 100vw, 1024px\" \/><\/figure>\n","protected":false},"excerpt":{"rendered":"<p>Sme vzdel\u00e1vacia a komunitn\u00e1 platforma pre \u013eud\u00ed, ktor\u00ed sa zauj\u00edmaj\u00fa o pozn\u00e1vanie a os\u00edd\u013eovanie vesm\u00edru. Pribli\u017eujeme odborn\u00e9 poznatky a vedeck\u00e9 fakty o vesm\u00edre z\u00e1\u017eitkovou formou. Sna\u017e\u00edme sa nadchn\u00fa\u0165 s\u00fa\u010dasn\u00fa gener\u00e1ciu det\u00ed, mlad\u00fdch a ich rodi\u010dov pre my\u0161lienku os\u00eddlenia vesm\u00edru. Predstavujeme ju ako bl\u00edzku realitu s jej benefitmi, v\u00fdzvami a prek\u00e1\u017ekami. Spolupracujeme s renomovan\u00fdmi odborn\u00fdmi in\u0161tit\u00faciami [&hellip;]<\/p>\n","protected":false},"author":1,"featured_media":0,"parent":0,"menu_order":3,"comment_status":"closed","ping_status":"closed","template":"","meta":{"_monsterinsights_skip_tracking":false,"_monsterinsights_sitenote_active":false,"_monsterinsights_sitenote_note":"","_monsterinsights_sitenote_category":0,"footnotes":""},"yoast_head":"<!-- This site is optimized with the Yoast SEO plugin v21.4 - https:\/\/yoast.com\/wordpress\/plugins\/seo\/ -->\n<title>O n\u00e1s - ASTROVISUM<\/title>\n<meta name=\"robots\" content=\"index, follow, max-snippet:-1, max-image-preview:large, max-video-preview:-1\" \/>\n<link rel=\"canonical\" href=\"https:\/\/www.astrovisum.sk\/?page_id=9\" \/>\n<meta property=\"og:locale\" content=\"sk_SK\" \/>\n<meta property=\"og:type\" content=\"article\" \/>\n<meta property=\"og:title\" content=\"O n\u00e1s - ASTROVISUM\" \/>\n<meta property=\"og:description\" content=\"Sme vzdel\u00e1vacia a komunitn\u00e1 platforma pre \u013eud\u00ed, ktor\u00ed sa zauj\u00edmaj\u00fa o pozn\u00e1vanie a os\u00edd\u013eovanie vesm\u00edru. Pribli\u017eujeme odborn\u00e9 poznatky a vedeck\u00e9 fakty o vesm\u00edre z\u00e1\u017eitkovou formou. Sna\u017e\u00edme sa nadchn\u00fa\u0165 s\u00fa\u010dasn\u00fa gener\u00e1ciu det\u00ed, mlad\u00fdch a ich rodi\u010dov pre my\u0161lienku os\u00eddlenia vesm\u00edru. Predstavujeme ju ako bl\u00edzku realitu s jej benefitmi, v\u00fdzvami a prek\u00e1\u017ekami. Spolupracujeme s renomovan\u00fdmi odborn\u00fdmi in\u0161tit\u00faciami [&hellip;]\" \/>\n<meta property=\"og:url\" content=\"https:\/\/www.astrovisum.sk\/?page_id=9\" \/>\n<meta property=\"og:site_name\" content=\"ASTROVISUM\" \/>\n<meta property=\"article:modified_time\" content=\"2023-11-01T13:05:32+00:00\" \/>\n<meta property=\"og:image\" content=\"https:\/\/www.astrovisum.sk\/wp-content\/uploads\/2023\/10\/19.jpg\" \/>\n<meta name=\"twitter:card\" content=\"summary_large_image\" \/>\n<meta name=\"twitter:label1\" content=\"Predpokladan\u00fd \u010das \u010d\u00edtania\" \/>\n\t<meta name=\"twitter:data1\" content=\"2 min\u00faty\" \/>\n<script type=\"application\/ld+json\" class=\"yoast-schema-graph\">{\"@context\":\"https:\/\/schema.org\",\"@graph\":[{\"@type\":\"WebPage\",\"@id\":\"https:\/\/www.astrovisum.sk\/?page_id=9\",\"url\":\"https:\/\/www.astrovisum.sk\/?page_id=9\",\"name\":\"O n\u00e1s - ASTROVISUM\",\"isPartOf\":{\"@id\":\"https:\/\/www.astrovisum.sk\/#website\"},\"datePublished\":\"2023-10-24T10:25:36+00:00\",\"dateModified\":\"2023-11-01T13:05:32+00:00\",\"breadcrumb\":{\"@id\":\"https:\/\/www.astrovisum.sk\/?page_id=9#breadcrumb\"},\"inLanguage\":\"sk-SK\",\"potentialAction\":[{\"@type\":\"ReadAction\",\"target\":[\"https:\/\/www.astrovisum.sk\/?page_id=9\"]}]},{\"@type\":\"BreadcrumbList\",\"@id\":\"https:\/\/www.astrovisum.sk\/?page_id=9#breadcrumb\",\"itemListElement\":[{\"@type\":\"ListItem\",\"position\":1,\"name\":\"Home\",\"item\":\"https:\/\/www.astrovisum.sk\/\"},{\"@type\":\"ListItem\",\"position\":2,\"name\":\"O n\u00e1s\"}]},{\"@type\":\"WebSite\",\"@id\":\"https:\/\/www.astrovisum.sk\/#website\",\"url\":\"https:\/\/www.astrovisum.sk\/\",\"name\":\"ASTROVISUM\",\"description\":\"Ready 4 space\",\"potentialAction\":[{\"@type\":\"SearchAction\",\"target\":{\"@type\":\"EntryPoint\",\"urlTemplate\":\"https:\/\/www.astrovisum.sk\/?s={search_term_string}\"},\"query-input\":\"required name=search_term_string\"}],\"inLanguage\":\"sk-SK\"}]}<\/script>\n<!-- \/ Yoast SEO plugin. -->","yoast_head_json":{"title":"O n\u00e1s - ASTROVISUM","robots":{"index":"index","follow":"follow","max-snippet":"max-snippet:-1","max-image-preview":"max-image-preview:large","max-video-preview":"max-video-preview:-1"},"canonical":"https:\/\/www.astrovisum.sk\/?page_id=9","og_locale":"sk_SK","og_type":"article","og_title":"O n\u00e1s - ASTROVISUM","og_description":"Sme vzdel\u00e1vacia a komunitn\u00e1 platforma pre \u013eud\u00ed, ktor\u00ed sa zauj\u00edmaj\u00fa o pozn\u00e1vanie a os\u00edd\u013eovanie vesm\u00edru. Pribli\u017eujeme odborn\u00e9 poznatky a vedeck\u00e9 fakty o vesm\u00edre z\u00e1\u017eitkovou formou. Sna\u017e\u00edme sa nadchn\u00fa\u0165 s\u00fa\u010dasn\u00fa gener\u00e1ciu det\u00ed, mlad\u00fdch a ich rodi\u010dov pre my\u0161lienku os\u00eddlenia vesm\u00edru. Predstavujeme ju ako bl\u00edzku realitu s jej benefitmi, v\u00fdzvami a prek\u00e1\u017ekami. Spolupracujeme s renomovan\u00fdmi odborn\u00fdmi in\u0161tit\u00faciami [&hellip;]","og_url":"https:\/\/www.astrovisum.sk\/?page_id=9","og_site_name":"ASTROVISUM","article_modified_time":"2023-11-01T13:05:32+00:00","og_image":[{"url":"https:\/\/www.astrovisum.sk\/wp-content\/uploads\/2023\/10\/19.jpg"}],"twitter_card":"summary_large_image","twitter_misc":{"Predpokladan\u00fd \u010das \u010d\u00edtania":"2 min\u00faty"},"schema":{"@context":"https:\/\/schema.org","@graph":[{"@type":"WebPage","@id":"https:\/\/www.astrovisum.sk\/?page_id=9","url":"https:\/\/www.astrovisum.sk\/?page_id=9","name":"O n\u00e1s - ASTROVISUM","isPartOf":{"@id":"https:\/\/www.astrovisum.sk\/#website"},"datePublished":"2023-10-24T10:25:36+00:00","dateModified":"2023-11-01T13:05:32+00:00","breadcrumb":{"@id":"https:\/\/www.astrovisum.sk\/?page_id=9#breadcrumb"},"inLanguage":"sk-SK","potentialAction":[{"@type":"ReadAction","target":["https:\/\/www.astrovisum.sk\/?page_id=9"]}]},{"@type":"BreadcrumbList","@id":"https:\/\/www.astrovisum.sk\/?page_id=9#breadcrumb","itemListElement":[{"@type":"ListItem","position":1,"name":"Home","item":"https:\/\/www.astrovisum.sk\/"},{"@type":"ListItem","position":2,"name":"O n\u00e1s"}]},{"@type":"WebSite","@id":"https:\/\/www.astrovisum.sk\/#website","url":"https:\/\/www.astrovisum.sk\/","name":"ASTROVISUM","description":"Ready 4 space","potentialAction":[{"@type":"SearchAction","target":{"@type":"EntryPoint","urlTemplate":"https:\/\/www.astrovisum.sk\/?s={search_term_string}"},"query-input":"required name=search_term_string"}],"inLanguage":"sk-SK"}]}},"_links":{"self":[{"href":"https:\/\/www.astrovisum.sk\/index.php?rest_route=\/wp\/v2\/pages\/9"}],"collection":[{"href":"https:\/\/www.astrovisum.sk\/index.php?rest_route=\/wp\/v2\/pages"}],"about":[{"href":"https:\/\/www.astrovisum.sk\/index.php?rest_route=\/wp\/v2\/types\/page"}],"author":[{"embeddable":true,"href":"https:\/\/www.astrovisum.sk\/index.php?rest_route=\/wp\/v2\/users\/1"}],"replies":[{"embeddable":true,"href":"https:\/\/www.astrovisum.sk\/index.php?rest_route=%2Fwp%2Fv2%2Fcomments&post=9"}],"version-history":[{"count":5,"href":"https:\/\/www.astrovisum.sk\/index.php?rest_route=\/wp\/v2\/pages\/9\/revisions"}],"predecessor-version":[{"id":241,"href":"https:\/\/www.astrovisum.sk\/index.php?rest_route=\/wp\/v2\/pages\/9\/revisions\/241"}],"wp:attachment":[{"href":"https:\/\/www.astrovisum.sk\/index.php?rest_route=%2Fwp%2Fv2%2Fmedia&parent=9"}],"curies":[{"name":"wp","href":"https:\/\/api.w.org\/{rel}","templated":true}]}}